{"id":3626,"date":"2016-07-23T09:52:47","date_gmt":"2016-07-23T09:52:47","guid":{"rendered":"http:\/\/campusaltea.umh.es\/?page_id=3626"},"modified":"2017-02-07T17:14:49","modified_gmt":"2017-02-07T17:14:49","slug":"alumni","status":"publish","type":"page","link":"https:\/\/campusaltea.umh.es\/es\/internacional\/alumni\/","title":{"rendered":"Alumni"},"content":{"rendered":"<p><\/p>\n<p style=\"text-align: justify;\">Desde la creaci\u00f3n de la Facultad de Bellas Artes de Altea en septiembre de 1997 un gran n\u00famero de estudiantes han cursado en el Campus de Altea sus estudios superiores. Todos aquellos que se han titulado en la UMH son <em>Alumni UMH<\/em> y por tanto siguen siendo miembros de la comunidad universitaria, las ventajas que ofrecemos son, entre otras, ayuda a la empleabilidad y contacto con los compa\u00f1eros.<br \/>\nSus actividades y servicios pod\u00e9is conocerlos en <a href=\"http:\/\/alumni.umh.es\">http:\/\/alumni.umh.es<\/a><br \/>\nDesde nuestra web, invitamos a los Alumni UMH que han estudiado en nuestro Campus a dar testimonio de su experiencia y a servirse de nuestra plataforma para promocionarse como artistas y profesionales.<br \/>\nSon muchos los egresados que con los conocimientos y la experiencia adquiridos en nuestro Campus han conseguido cumplir sus expectativas profesionales y art\u00edsticas, tanto en el \u00e1mbito de las artes pl\u00e1sticas como en diversas v\u00edas y disciplinas relacionados con la aplicaci\u00f3n de la creaci\u00f3n visual: dise\u00f1o gr\u00e1fico, ilustraci\u00f3n digital, <em>concept art<\/em>, animaci\u00f3n\u2026<br \/>\nTambi\u00e9n han obtenido y aportado riqueza cultural y de gesti\u00f3n en ocupaciones vinculadas a servicios culturales o relacionadas con el patrimonio cultural, su gesti\u00f3n, mantenimiento y restauraci\u00f3n, comisariado de exposiciones y gesti\u00f3n de galer\u00edas de arte. Y tambi\u00e9n en ocupaciones relacionadas con las ense\u00f1anzas art\u00edsticas, como profesores en instituciones educativas p\u00fablicas y privadas, a nivel de ense\u00f1anza primaria, secundaria y universitaria han aportado los frutos de su preparaci\u00f3n universitaria y de su capacitaci\u00f3n investigadora.<br \/>\nDesde una propuesta abierta a continuas aportaciones, esta secci\u00f3n surge como una plataforma de proyecci\u00f3n profesional para los Alumni UMH del Campus de Altea.<\/p>\n<hr \/>\n<div  class=\"ut-one-half  \">\n<h2><a href=\"http:\/\/campusaltea.umh.es\/files\/2016\/07\/pablobellot.jpg\"><img loading=\"lazy\" class=\"alignleft wp-image-3633 size-thumbnail\" src=\"http:\/\/campusaltea.umh.es\/files\/2016\/07\/pablobellot-150x150.jpg\" alt=\"Pablo Bellot\" width=\"150\" height=\"150\" srcset=\"https:\/\/campusaltea.umh.es\/files\/2016\/07\/pablobellot-150x150.jpg 150w, https:\/\/campusaltea.umh.es\/files\/2016\/07\/pablobellot.jpg 200w\" sizes=\"(max-width: 150px) 100vw, 150px\" \/><\/a><a title=\"Pablo Bellot\" href=\"http:\/\/campusaltea.umh.es\/pablo-bellot\/\"><span style=\"text-decoration: underline;\">Pablo Bellot<\/span><\/a><\/h2>\n<p>&nbsp;<\/p>\n<p>&nbsp;<\/p>\n<p>&nbsp;<\/p>\n<h2><a href=\"http:\/\/campusaltea.umh.es\/files\/2016\/07\/foto200.jpg\"><img loading=\"lazy\" class=\" size-thumbnail wp-image-3671 alignleft\" src=\"http:\/\/campusaltea.umh.es\/files\/2016\/07\/foto200-150x150.jpg\" alt=\"Bruna de Franceschi\" width=\"150\" height=\"150\" srcset=\"https:\/\/campusaltea.umh.es\/files\/2016\/07\/foto200-150x150.jpg 150w, https:\/\/campusaltea.umh.es\/files\/2016\/07\/foto200.jpg 200w\" sizes=\"(max-width: 150px) 100vw, 150px\" \/><\/a>\u00a0<a title=\"Bruna de Franceschi\" href=\"http:\/\/campusaltea.umh.es\/bruna-de-franceschi\/\"><span style=\"text-decoration: underline;\">Bruna de Franceschi<\/span><\/a><\/h2>\n<p>&nbsp;<\/p>\n<p>&nbsp;<\/p>\n<p>&nbsp;<\/p>\n<h2><img loading=\"lazy\" class=\"alignleft wp-image-4335 size-thumbnail\" src=\"http:\/\/campusaltea.umh.es\/files\/2016\/07\/Sergi-Lorenzo-150x150.jpg\" alt=\"\" width=\"150\" height=\"150\" \/> <span style=\"text-decoration: underline;\"><a title=\"Sergi Lorenzo\" href=\"http:\/\/campusaltea.umh.es\/sergi-lorenzo\/\">Sergi Lorenzo<\/a><br \/>\n<\/span><\/h2>\n<p>&nbsp;<\/p>\n<p>&nbsp;<\/p>\n<p>&nbsp;<\/p>\n<h2><a href=\"http:\/\/campusaltea.umh.es\/jose-y-miriam\/\"><img loading=\"lazy\" class=\"alignleft wp-image-4337 size-thumbnail\" src=\"http:\/\/campusaltea.umh.es\/files\/2016\/07\/Jose-y-Miriam-150x150.jpg\" alt=\"\" width=\"150\" height=\"150\" \/><\/a> <span style=\"text-decoration: underline;\"><a title=\"Jose y Miriam\" href=\"http:\/\/campusaltea.umh.es\/jose-y-miriam\/\">Jose y Miriam<\/a><br \/>\n<\/span><\/h2>\n<p>&nbsp;<\/p>\n<p>&nbsp;<\/p>\n<p>&nbsp;<\/p>\n<h2><a href=\"http:\/\/campusaltea.umh.es\/boris-ramirez\/\"><img loading=\"lazy\" class=\"alignleft wp-image-5016 size-thumbnail\" src=\"http:\/\/campusaltea.umh.es\/files\/2017\/02\/boris_ramirez-150x150.jpg\" alt=\"\" width=\"150\" height=\"150\" \/><\/a> <span style=\"text-decoration: underline;\"><a title=\"Boris Ram\u00edrez\" href=\"http:\/\/campusaltea.umh.es\/boris-ramirez\/\">Boris Ram\u00edrez<\/a><br \/>\n<\/span><\/h2>\n<p>&nbsp;<\/p>\n<p>&nbsp;<\/p>\n<p>&nbsp;<\/p>\n<\/div>\n<div  class=\"ut-one-half ut-column-last  \">\n<h2><span style=\"text-decoration: underline;\"><a href=\"http:\/\/campusaltea.umh.es\/leonidas-espinelli\"><img loading=\"lazy\" class=\"alignleft wp-image-3635 size-thumbnail\" src=\"http:\/\/campusaltea.umh.es\/files\/2016\/07\/leonidas-150x150.jpg\" alt=\"Leonidas Espinelli\" width=\"150\" height=\"150\" srcset=\"https:\/\/campusaltea.umh.es\/files\/2016\/07\/leonidas-150x150.jpg 150w, https:\/\/campusaltea.umh.es\/files\/2016\/07\/leonidas.jpg 200w\" sizes=\"(max-width: 150px) 100vw, 150px\" \/><\/a><a title=\"Le\u00f3nidas Espinelli\" href=\"http:\/\/campusaltea.umh.es\/leonidas-espinelli\/\">Le\u00f3nidas Espinelli<\/a><\/span><\/h2>\n<p>&nbsp;<\/p>\n<p>&nbsp;<\/p>\n<p>&nbsp;<\/p>\n<h2><span style=\"text-decoration: underline;\"><img loading=\"lazy\" class=\" wp-image-4334 size-thumbnail alignleft\" src=\"http:\/\/campusaltea.umh.es\/files\/2016\/07\/Jon-E-illescas-e1480272031882-150x150.jpg\" alt=\"\" width=\"150\" height=\"150\" \/><a title=\"Jon Illescas\" href=\"http:\/\/campusaltea.umh.es\/jon-illescas\/\">Jon E. Illescas<\/a><\/span><\/h2>\n<p>&nbsp;<\/p>\n<p>&nbsp;<\/p>\n<p>&nbsp;<\/p>\n<h2><span style=\"text-decoration: underline;\"><a href=\"http:\/\/campusaltea.umh.es\/maria-mingot\/\"><img loading=\"lazy\" class=\"alignleft wp-image-4336 size-thumbnail\" src=\"http:\/\/campusaltea.umh.es\/files\/2016\/07\/Mar\u00eda-Mingot-150x150.jpg\" alt=\"\" width=\"150\" height=\"150\" \/><\/a><a title=\"Mar\u00eda Mingot\" href=\"http:\/\/campusaltea.umh.es\/maria-mingot\/\">Mar\u00eda Mingot<\/a><br \/>\n<\/span><\/h2>\n<p>&nbsp;<\/p>\n<p>&nbsp;<\/p>\n<p>&nbsp;<\/p>\n<h2><span style=\"text-decoration: underline;\"><a href=\"http:\/\/campusaltea.umh.es\/lauder-lopez-cabello\/\"><img loading=\"lazy\" class=\"alignleft wp-image-4338 size-thumbnail\" src=\"http:\/\/campusaltea.umh.es\/files\/2016\/07\/Lauder-L\u00f3pez-Cabello-150x150.jpg\" alt=\"\" width=\"150\" height=\"150\" \/><\/a><a title=\"Lauder L\u00f3pez Cabello\" href=\"http:\/\/campusaltea.umh.es\/lauder-lopez-cabello\/\">Lauder L\u00f3pez Cabello<\/a><br \/>\n<\/span><\/h2>\n<p>&nbsp;<\/p>\n<p>&nbsp;<\/p>\n<p>&nbsp;<\/p>\n<\/div><div class=\"clear\"><\/div><\/p>","protected":false},"excerpt":{"rendered":"<p>Desde la creaci\u00f3n de la Facultad de Bellas Artes de Altea en septiembre de 1997 un gran n\u00famero de estudiantes han cursado en el Campus de Altea sus estudios superiores. Todos aquellos que se han titulado en la UMH son Alumni UMH y por tanto siguen siendo miembros de la comunidad universitaria, las ventajas que [&hellip;]<\/p>\n","protected":false},"author":469,"featured_media":0,"parent":4166,"menu_order":0,"comment_status":"closed","ping_status":"open","template":"","meta":{"_links_to":"","_links_to_target":""},"_links":{"self":[{"href":"https:\/\/campusaltea.umh.es\/es\/wp-json\/wp\/v2\/pages\/3626"}],"collection":[{"href":"https:\/\/campusaltea.umh.es\/es\/wp-json\/wp\/v2\/pages"}],"about":[{"href":"https:\/\/campusaltea.umh.es\/es\/wp-json\/wp\/v2\/types\/page"}],"author":[{"embeddable":true,"href":"https:\/\/campusaltea.umh.es\/es\/wp-json\/wp\/v2\/users\/469"}],"replies":[{"embeddable":true,"href":"https:\/\/campusaltea.umh.es\/es\/wp-json\/wp\/v2\/comments?post=3626"}],"version-history":[{"count":0,"href":"https:\/\/campusaltea.umh.es\/es\/wp-json\/wp\/v2\/pages\/3626\/revisions"}],"up":[{"embeddable":true,"href":"https:\/\/campusaltea.umh.es\/es\/wp-json\/wp\/v2\/pages\/4166"}],"wp:attachment":[{"href":"https:\/\/campusaltea.umh.es\/es\/wp-json\/wp\/v2\/media?parent=3626"}],"curies":[{"name":"wp","href":"https:\/\/api.w.org\/{rel}","templated":true}]}}

<p></p>
<p style="text-align: justify;">Desde la creación de la Facultad de Bellas Artes de Altea en septiembre de 1997 un gran número de estudiantes han cursado en el Campus de Altea sus estudios superiores. Todos aquellos que se han titulado en la UMH son <em>Alumni UMH</em> y por tanto siguen siendo miembros de la comunidad universitaria, las ventajas que ofrecemos son, entre otras, ayuda a la empleabilidad y contacto con los compañeros.<br />
Sus actividades y servicios podéis conocerlos en <a href="http://alumni.umh.es">http://alumni.umh.es</a><br />
Desde nuestra web, invitamos a los Alumni UMH que han estudiado en nuestro Campus a dar testimonio de su experiencia y a servirse de nuestra plataforma para promocionarse como artistas y profesionales.<br />
Son muchos los egresados que con los conocimientos y la experiencia adquiridos en nuestro Campus han conseguido cumplir sus expectativas profesionales y artísticas, tanto en el ámbito de las artes plásticas como en diversas vías y disciplinas relacionados con la aplicación de la creación visual: diseño gráfico, ilustración digital, <em>concept art</em>, animación…<br />
También han obtenido y aportado riqueza cultural y de gestión en ocupaciones vinculadas a servicios culturales o relacionadas con el patrimonio cultural, su gestión, mantenimiento y restauración, comisariado de exposiciones y gestión de galerías de arte. Y también en ocupaciones relacionadas con las enseñanzas artísticas, como profesores en instituciones educativas públicas y privadas, a nivel de enseñanza primaria, secundaria y universitaria han aportado los frutos de su preparación universitaria y de su capacitación investigadora.<br />
Desde una propuesta abierta a continuas aportaciones, esta sección surge como una plataforma de proyección profesional para los Alumni UMH del Campus de Altea.</p>
<hr />
<div  class="ut-one-half  ">
<h2><a href="http://campusaltea.umh.es/files/2016/07/pablobellot.jpg"><img loading="lazy" class="alignleft wp-image-3633 size-thumbnail" src="http://campusaltea.umh.es/files/2016/07/pablobellot-150x150.jpg" alt="Pablo Bellot" width="150" height="150" srcset="https://campusaltea.umh.es/files/2016/07/pablobellot-150x150.jpg 150w, https://campusaltea.umh.es/files/2016/07/pablobellot.jpg 200w" sizes="(max-width: 150px) 100vw, 150px" /></a><a title="Pablo Bellot" href="http://campusaltea.umh.es/pablo-bellot/"><span style="text-decoration: underline;">Pablo Bellot</span></a></h2>
<p>&nbsp;</p>
<p>&nbsp;</p>
<p>&nbsp;</p>
<h2><a href="http://campusaltea.umh.es/files/2016/07/foto200.jpg"><img loading="lazy" class=" size-thumbnail wp-image-3671 alignleft" src="http://campusaltea.umh.es/files/2016/07/foto200-150x150.jpg" alt="Bruna de Franceschi" width="150" height="150" srcset="https://campusaltea.umh.es/files/2016/07/foto200-150x150.jpg 150w, https://campusaltea.umh.es/files/2016/07/foto200.jpg 200w" sizes="(max-width: 150px) 100vw, 150px" /></a> <a title="Bruna de Franceschi" href="http://campusaltea.umh.es/bruna-de-franceschi/"><span style="text-decoration: underline;">Bruna de Franceschi</span></a></h2>
<p>&nbsp;</p>
<p>&nbsp;</p>
<p>&nbsp;</p>
<h2><img loading="lazy" class="alignleft wp-image-4335 size-thumbnail" src="http://campusaltea.umh.es/files/2016/07/Sergi-Lorenzo-150x150.jpg" alt="" width="150" height="150" /> <span style="text-decoration: underline;"><a title="Sergi Lorenzo" href="http://campusaltea.umh.es/sergi-lorenzo/">Sergi Lorenzo</a><br />
</span></h2>
<p>&nbsp;</p>
<p>&nbsp;</p>
<p>&nbsp;</p>
<h2><a href="http://campusaltea.umh.es/jose-y-miriam/"><img loading="lazy" class="alignleft wp-image-4337 size-thumbnail" src="http://campusaltea.umh.es/files/2016/07/Jose-y-Miriam-150x150.jpg" alt="" width="150" height="150" /></a> <span style="text-decoration: underline;"><a title="Jose y Miriam" href="http://campusaltea.umh.es/jose-y-miriam/">Jose y Miriam</a><br />
</span></h2>
<p>&nbsp;</p>
<p>&nbsp;</p>
<p>&nbsp;</p>
<h2><a href="http://campusaltea.umh.es/boris-ramirez/"><img loading="lazy" class="alignleft wp-image-5016 size-thumbnail" src="http://campusaltea.umh.es/files/2017/02/boris_ramirez-150x150.jpg" alt="" width="150" height="150" /></a> <span style="text-decoration: underline;"><a title="Boris Ramírez" href="http://campusaltea.umh.es/boris-ramirez/">Boris Ramírez</a><br />
</span></h2>
<p>&nbsp;</p>
<p>&nbsp;</p>
<p>&nbsp;</p>
</div>
<div  class="ut-one-half ut-column-last  ">
<h2><span style="text-decoration: underline;"><a href="http://campusaltea.umh.es/leonidas-espinelli"><img loading="lazy" class="alignleft wp-image-3635 size-thumbnail" src="http://campusaltea.umh.es/files/2016/07/leonidas-150x150.jpg" alt="Leonidas Espinelli" width="150" height="150" srcset="https://campusaltea.umh.es/files/2016/07/leonidas-150x150.jpg 150w, https://campusaltea.umh.es/files/2016/07/leonidas.jpg 200w" sizes="(max-width: 150px) 100vw, 150px" /></a><a title="Leónidas Espinelli" href="http://campusaltea.umh.es/leonidas-espinelli/">Leónidas Espinelli</a></span></h2>
<p>&nbsp;</p>
<p>&nbsp;</p>
<p>&nbsp;</p>
<h2><span style="text-decoration: underline;"><img loading="lazy" class=" wp-image-4334 size-thumbnail alignleft" src="http://campusaltea.umh.es/files/2016/07/Jon-E-illescas-e1480272031882-150x150.jpg" alt="" width="150" height="150" /><a title="Jon Illescas" href="http://campusaltea.umh.es/jon-illescas/">Jon E. Illescas</a></span></h2>
<p>&nbsp;</p>
<p>&nbsp;</p>
<p>&nbsp;</p>
<h2><span style="text-decoration: underline;"><a href="http://campusaltea.umh.es/maria-mingot/"><img loading="lazy" class="alignleft wp-image-4336 size-thumbnail" src="http://campusaltea.umh.es/files/2016/07/María-Mingot-150x150.jpg" alt="" width="150" height="150" /></a><a title="María Mingot" href="http://campusaltea.umh.es/maria-mingot/">María Mingot</a><br />
</span></h2>
<p>&nbsp;</p>
<p>&nbsp;</p>
<p>&nbsp;</p>
<h2><span style="text-decoration: underline;"><a href="http://campusaltea.umh.es/lauder-lopez-cabello/"><img loading="lazy" class="alignleft wp-image-4338 size-thumbnail" src="http://campusaltea.umh.es/files/2016/07/Lauder-López-Cabello-150x150.jpg" alt="" width="150" height="150" /></a><a title="Lauder López Cabello" href="http://campusaltea.umh.es/lauder-lopez-cabello/">Lauder López Cabello</a><br />
</span></h2>
<p>&nbsp;</p>
<p>&nbsp;</p>
<p>&nbsp;</p>
</div><div class="clear"></div></p>

<p>Desde la creación de la Facultad de Bellas Artes de Altea en septiembre de 1997 un gran número de estudiantes han cursado en el Campus de Altea sus estudios superiores. Todos aquellos que se han titulado en la UMH son Alumni UMH y por tanto siguen siendo miembros de la comunidad universitaria, las ventajas que [&hellip;]</p>
