{"id":3530,"date":"2016-07-13T10:27:36","date_gmt":"2016-07-13T10:27:36","guid":{"rendered":"http:\/\/campusaltea.umh.es\/?page_id=3530"},"modified":"2017-02-23T11:25:55","modified_gmt":"2017-02-23T11:25:55","slug":"el-campus-2","status":"publish","type":"page","link":"https:\/\/campusaltea.umh.es\/es\/el-campus-2\/","title":{"rendered":"El Campus"},"content":{"rendered":"<p><div  class=\"ut-one-half  \">\n<h3><a href=\"http:\/\/bbaa.umh.es\">Facultad de Bellas Artes<\/a><\/h3>\n<div id=\"attachment_4661\" style=\"width: 210px\" class=\"wp-caption alignright\"><a href=\"http:\/\/campusaltea.umh.es\/jose-vicente-martin-martinez\/\"><img aria-describedby=\"caption-attachment-4661\" loading=\"lazy\" class=\"wp-image-4661 size-full\" src=\"http:\/\/campusaltea.umh.es\/files\/2016\/10\/vicentemini_0001_Vicente_0000_Jose-Vicente_5.jpg\" alt=\"\" width=\"200\" height=\"200\" srcset=\"https:\/\/campusaltea.umh.es\/files\/2016\/10\/vicentemini_0001_Vicente_0000_Jose-Vicente_5.jpg 200w, https:\/\/campusaltea.umh.es\/files\/2016\/10\/vicentemini_0001_Vicente_0000_Jose-Vicente_5-150x150.jpg 150w\" sizes=\"(max-width: 200px) 100vw, 200px\" \/><\/a><p id=\"caption-attachment-4661\" class=\"wp-caption-text\">Jose Vicente Mart\u00edn Martinez &#8211; Decano de la Facultad BBAA<\/p><\/div>\n<p style=\"text-align: justify;\">La Facultad de Bellas Artes de Altea est\u00e1 concebida y dise\u00f1ada para afrontar los retos de la formaci\u00f3n art\u00edstica universitaria en un contexto contempor\u00e1neo de permanente reformulaci\u00f3n de las pr\u00e1cticas art\u00edsticas, estando sus medios materiales y humanos y su planificaci\u00f3n docente al servicio de este compromiso.<\/p>\n<p style=\"text-align: justify;\">El esp\u00edritu de la Facultad desde sus inicios ha sido y es proporcionar un servicio personalizado a los estudiantes, facilitar el m\u00e1ximo acceso y uso de los talleres e instalaciones y responder a las novedades de un entorno cambiante para dotar a nuestros alumnos de herramientas te\u00f3ricas y procedimentales para el desarrollo de la pr\u00e1ctica art\u00edstica.<\/p>\n<p style=\"text-align: justify;\">La Facultad de Bellas Artes de Altea es responsable del t\u00edtulo de Grado de Bellas Artes de Altea. En ella se imparten tambi\u00e9n m\u00e1steres, cursos de especializaci\u00f3n para el profesorado y el alumnado y conferencias y talleres.<\/p>\n<p style=\"text-align: justify;\">Web de la Facultad de Bellas Artes: <a href=\"http:\/\/bbaa.umh.es\">http:\/\/bbaa.umh.es<\/a><\/p>\n<\/div> <div  class=\"ut-one-half ut-column-last  \">\n<h3 style=\"text-align: right;\"><a href=\"http:\/\/arte.umh.es\">Departamento de Arte<\/a><\/h3>\n<div id=\"attachment_3963\" style=\"width: 210px\" class=\"wp-caption alignleft\"><a href=\"http:\/\/campusaltea.umh.es\/daniel-pablo-tejero-olivares\/\"><img aria-describedby=\"caption-attachment-3963\" loading=\"lazy\" class=\"wp-image-3963 size-full\" src=\"http:\/\/campusaltea.umh.es\/files\/2016\/10\/Dani-negro.jpg\" alt=\"\" width=\"200\" height=\"200\" srcset=\"https:\/\/campusaltea.umh.es\/files\/2016\/10\/Dani-negro.jpg 200w, https:\/\/campusaltea.umh.es\/files\/2016\/10\/Dani-negro-150x150.jpg 150w\" sizes=\"(max-width: 200px) 100vw, 200px\" \/><\/a><p id=\"caption-attachment-3963\" class=\"wp-caption-text\">Daniel Pablo Tejero Olivares &#8211; Director del Departamento de Arte<\/p><\/div>\n<p style=\"text-align: justify;\">El Departamento de Arte est\u00e1 ubicado en el Campus de Altea de la Universidad Miguel Hern\u00e1ndez y coordina la labor docente e investigadora de los profesores adscritos a las \u00e1reas de conocimiento de Pintura, Dibujo, Escultura, Historia del Arte y Est\u00e9tica.<\/p>\n<p style=\"text-align: justify;\">Actualmente sus profesores imparten docencia en el Grado de Bellas Artes (Campus de Altea), el Grado de Comunicaci\u00f3n Audiovisual (Campus de Elche) y en el M\u00e1ster en Proyecto e Investigaci\u00f3n en Arte (Campus de Altea), ofreciendo a los estudiantes un aprendizaje basado en la interdisciplinaridad, hibridaci\u00f3n y mestizaje de los distintos lenguajes art\u00edsticos y visuales.<\/p>\n<p style=\"text-align: justify;\">En el Departamento se integran cuatro grupos de investigaci\u00f3n que abarcan el estudio del medio art\u00edstico m\u00e1s all\u00e1 de las t\u00e9cnicas tradicionales; la investigaci\u00f3n de las relaciones transdisciplinares entre arte, cultura, tecnolog\u00eda y educaci\u00f3n; el an\u00e1lisis y estado de las funciones de la imagen, as\u00ed como el estudio de\u00a0 las relaciones entre las categor\u00edas generadoras de las identidades sociales.<\/p>\n<p style=\"text-align: justify;\">Web del Departamento de Arte: <a href=\"http:\/\/arte.umh.es\">http:\/\/arte.umh.es<\/a><\/p>\n<\/div><div class=\"clear\"><\/div>\n<h3>\u00a0 <div class=\"ut-spacer \" style=\"margin-bottom: 10px;margin-top: 10px;\"><\/div><\/h3>\n<hr \/>\n<h3>Grupos de Investigaci\u00f3n<\/h3>\n<p>La investigaci\u00f3n del Departamento de Arte se estructura en torno a\u00a0cuatro grupos de investigaci\u00f3n:<br \/>\n<div  class=\"ut-one-fourth  \"> <span class=\"alignleft ut-custom-icon\"><i class=\"fa fa-caret-right fa-2x\" ><\/i><\/span>\n<h4><a title=\"Lenguaje \u00d3ptico-Anal\u00f3gico y Recursos Digitales\" href=\"http:\/\/campusaltea.umh.es\/el-campus-2\/lenguaje-optico-analogico-y-recursos-digitales\/\">Lenguaje \u00d3ptico-Anal\u00f3gico y Recursos Digitales<\/a><\/h4>\n<\/div> <div  class=\"ut-one-fourth  \"><span class=\"alignleft ut-custom-icon\"><i class=\"fa fa-caret-right fa-2x\" ><\/i><\/span>\n<h4><a title=\"Laboratorio de Arte, Cultura Visual, Tecnolog\u00eda y Educaci\u00f3n\" href=\"http:\/\/campusaltea.umh.es\/el-campus-2\/laboratorio-de-arte-cultura-visual-tecnologia-y-educacion\/\">Laboratorio de Arte, Cultura Visual, Tecnolog\u00eda y Educaci\u00f3n<\/a><\/h4>\n<\/div><div  class=\"ut-one-fourth  \"><span class=\"alignleft ut-custom-icon\"><i class=\"fa fa-caret-right fa-2x\" ><\/i><\/span>\n<h4><a title=\"Grupo de investigaci\u00f3n FIDEX, Figuras del Exceso y Pol\u00edticas del Cuerpo\" href=\"http:\/\/campusaltea.umh.es\/el-campus-2\/grupo-de-investigacion-fidex-figuras-del-exceso-y-politicas-del-cuerpo\/\">FIDEX, Figuras del Exceso y Pol\u00edticas del Cuerpo<\/a><\/h4>\n<\/div><div  class=\"ut-one-fourth ut-column-last  \"><span class=\"alignleft ut-custom-icon\"><i class=\"fa fa-caret-right fa-2x\" ><\/i><\/span>\n<h4><a title=\"Grupo de investigaci\u00f3n Bernia\" href=\"http:\/\/campusaltea.umh.es\/el-campus-2\/grupo-de-investigacion-bernia\/\">Grupo de investigaci\u00f3n Bernia<\/a><\/h4>\n<\/div><div class=\"clear\"><\/div>\n<hr \/>\n<h3>Altea<\/h3>\n<p style=\"text-align: justify;\">A principios del siglo XX pintores valencianos como Genaro Lahuerta, Joaquin Momp\u00f3, Genaro Palau ya plasmaban el peculiar paisaje alteano, que tampoco dej\u00f3 indiferentes escritores y viajeros desde el siglo XVIII. Desde entonces muchos artistas han elegido Altea como su residencia, dot\u00e1ndola de cierta aura bohemia, sobretodo durante los a\u00f1os setenta, cuando Benjamin Pal\u00e9ncia, Eberhard Schlotter, Toni Mir\u00f3 y muchos otros anteriormente, dejaran su huella en el pueblo decorando interior y exterior de casas y restaurantes, pintando frescos en la calle o realizando los carteles de fiestas locales. Esta herencia se mantiene en la gran cantidad de galer\u00edas, estudios y ateliers, espacios expositivos, la muestra de artesan\u00eda, fundaciones, museos, as\u00ed como el Palau y la Facultad de Bellas Artes de la Universidad Miguel Hern\u00e1ndez. Para muchos no es solo cuesti\u00f3n del paisaje o el entorno tan caracter\u00edstico que crea el pueblo y la bah\u00eda, sino una especial luz, la luz de Altea.<\/p>\n<p style=\"text-align: right;\"><em>Fuente: web del ayuntamiento de Altea <a href=\"http:\/\/www.altea.es\">www.altea.es<\/a><\/em><\/p>\n<p><img loading=\"lazy\" class=\"alignright wp-image-4633 size-full\" src=\"http:\/\/campusaltea.umh.es\/files\/2016\/07\/Altea-Mar-ok-e1484226015369.jpg\" alt=\"\" width=\"1920\" height=\"446\" \/><\/p>","protected":false},"excerpt":{"rendered":"<p>\u00a0 Grupos de Investigaci\u00f3n La investigaci\u00f3n del Departamento de Arte se estructura en torno a\u00a0cuatro grupos de investigaci\u00f3n: Altea A principios del siglo XX pintores valencianos como Genaro Lahuerta, Joaquin Momp\u00f3, Genaro Palau ya plasmaban el peculiar paisaje alteano, que tampoco dej\u00f3 indiferentes escritores y viajeros desde el siglo XVIII. Desde entonces muchos artistas han [&hellip;]<\/p>\n","protected":false},"author":469,"featured_media":0,"parent":0,"menu_order":0,"comment_status":"closed","ping_status":"open","template":"","meta":{"_links_to":"","_links_to_target":""},"_links":{"self":[{"href":"https:\/\/campusaltea.umh.es\/es\/wp-json\/wp\/v2\/pages\/3530"}],"collection":[{"href":"https:\/\/campusaltea.umh.es\/es\/wp-json\/wp\/v2\/pages"}],"about":[{"href":"https:\/\/campusaltea.umh.es\/es\/wp-json\/wp\/v2\/types\/page"}],"author":[{"embeddable":true,"href":"https:\/\/campusaltea.umh.es\/es\/wp-json\/wp\/v2\/users\/469"}],"replies":[{"embeddable":true,"href":"https:\/\/campusaltea.umh.es\/es\/wp-json\/wp\/v2\/comments?post=3530"}],"version-history":[{"count":0,"href":"https:\/\/campusaltea.umh.es\/es\/wp-json\/wp\/v2\/pages\/3530\/revisions"}],"wp:attachment":[{"href":"https:\/\/campusaltea.umh.es\/es\/wp-json\/wp\/v2\/media?parent=3530"}],"curies":[{"name":"wp","href":"https:\/\/api.w.org\/{rel}","templated":true}]}}

<p><div  class="ut-one-half  ">
<h3><a href="http://bbaa.umh.es">Facultad de Bellas Artes</a></h3>
<div id="attachment_4661" style="width: 210px" class="wp-caption alignright"><a href="http://campusaltea.umh.es/jose-vicente-martin-martinez/"><img aria-describedby="caption-attachment-4661" loading="lazy" class="wp-image-4661 size-full" src="http://campusaltea.umh.es/files/2016/10/vicentemini_0001_Vicente_0000_Jose-Vicente_5.jpg" alt="" width="200" height="200" srcset="https://campusaltea.umh.es/files/2016/10/vicentemini_0001_Vicente_0000_Jose-Vicente_5.jpg 200w, https://campusaltea.umh.es/files/2016/10/vicentemini_0001_Vicente_0000_Jose-Vicente_5-150x150.jpg 150w" sizes="(max-width: 200px) 100vw, 200px" /></a><p id="caption-attachment-4661" class="wp-caption-text">Jose Vicente Martín Martinez &#8211; Decano de la Facultad BBAA</p></div>
<p style="text-align: justify;">La Facultad de Bellas Artes de Altea está concebida y diseñada para afrontar los retos de la formación artística universitaria en un contexto contemporáneo de permanente reformulación de las prácticas artísticas, estando sus medios materiales y humanos y su planificación docente al servicio de este compromiso.</p>
<p style="text-align: justify;">El espíritu de la Facultad desde sus inicios ha sido y es proporcionar un servicio personalizado a los estudiantes, facilitar el máximo acceso y uso de los talleres e instalaciones y responder a las novedades de un entorno cambiante para dotar a nuestros alumnos de herramientas teóricas y procedimentales para el desarrollo de la práctica artística.</p>
<p style="text-align: justify;">La Facultad de Bellas Artes de Altea es responsable del título de Grado de Bellas Artes de Altea. En ella se imparten también másteres, cursos de especialización para el profesorado y el alumnado y conferencias y talleres.</p>
<p style="text-align: justify;">Web de la Facultad de Bellas Artes: <a href="http://bbaa.umh.es">http://bbaa.umh.es</a></p>
</div> <div  class="ut-one-half ut-column-last  ">
<h3 style="text-align: right;"><a href="http://arte.umh.es">Departamento de Arte</a></h3>
<div id="attachment_3963" style="width: 210px" class="wp-caption alignleft"><a href="http://campusaltea.umh.es/daniel-pablo-tejero-olivares/"><img aria-describedby="caption-attachment-3963" loading="lazy" class="wp-image-3963 size-full" src="http://campusaltea.umh.es/files/2016/10/Dani-negro.jpg" alt="" width="200" height="200" srcset="https://campusaltea.umh.es/files/2016/10/Dani-negro.jpg 200w, https://campusaltea.umh.es/files/2016/10/Dani-negro-150x150.jpg 150w" sizes="(max-width: 200px) 100vw, 200px" /></a><p id="caption-attachment-3963" class="wp-caption-text">Daniel Pablo Tejero Olivares &#8211; Director del Departamento de Arte</p></div>
<p style="text-align: justify;">El Departamento de Arte está ubicado en el Campus de Altea de la Universidad Miguel Hernández y coordina la labor docente e investigadora de los profesores adscritos a las áreas de conocimiento de Pintura, Dibujo, Escultura, Historia del Arte y Estética.</p>
<p style="text-align: justify;">Actualmente sus profesores imparten docencia en el Grado de Bellas Artes (Campus de Altea), el Grado de Comunicación Audiovisual (Campus de Elche) y en el Máster en Proyecto e Investigación en Arte (Campus de Altea), ofreciendo a los estudiantes un aprendizaje basado en la interdisciplinaridad, hibridación y mestizaje de los distintos lenguajes artísticos y visuales.</p>
<p style="text-align: justify;">En el Departamento se integran cuatro grupos de investigación que abarcan el estudio del medio artístico más allá de las técnicas tradicionales; la investigación de las relaciones transdisciplinares entre arte, cultura, tecnología y educación; el análisis y estado de las funciones de la imagen, así como el estudio de  las relaciones entre las categorías generadoras de las identidades sociales.</p>
<p style="text-align: justify;">Web del Departamento de Arte: <a href="http://arte.umh.es">http://arte.umh.es</a></p>
</div><div class="clear"></div>
<h3>  <div class="ut-spacer " style="margin-bottom: 10px;margin-top: 10px;"></div></h3>
<hr />
<h3>Grupos de Investigación</h3>
<p>La investigación del Departamento de Arte se estructura en torno a cuatro grupos de investigación:<br />
<div  class="ut-one-fourth  "> <span class="alignleft ut-custom-icon"><i class="fa fa-caret-right fa-2x" ></i></span>
<h4><a title="Lenguaje Óptico-Analógico y Recursos Digitales" href="http://campusaltea.umh.es/el-campus-2/lenguaje-optico-analogico-y-recursos-digitales/">Lenguaje Óptico-Analógico y Recursos Digitales</a></h4>
</div> <div  class="ut-one-fourth  "><span class="alignleft ut-custom-icon"><i class="fa fa-caret-right fa-2x" ></i></span>
<h4><a title="Laboratorio de Arte, Cultura Visual, Tecnología y Educación" href="http://campusaltea.umh.es/el-campus-2/laboratorio-de-arte-cultura-visual-tecnologia-y-educacion/">Laboratorio de Arte, Cultura Visual, Tecnología y Educación</a></h4>
</div><div  class="ut-one-fourth  "><span class="alignleft ut-custom-icon"><i class="fa fa-caret-right fa-2x" ></i></span>
<h4><a title="Grupo de investigación FIDEX, Figuras del Exceso y Políticas del Cuerpo" href="http://campusaltea.umh.es/el-campus-2/grupo-de-investigacion-fidex-figuras-del-exceso-y-politicas-del-cuerpo/">FIDEX, Figuras del Exceso y Políticas del Cuerpo</a></h4>
</div><div  class="ut-one-fourth ut-column-last  "><span class="alignleft ut-custom-icon"><i class="fa fa-caret-right fa-2x" ></i></span>
<h4><a title="Grupo de investigación Bernia" href="http://campusaltea.umh.es/el-campus-2/grupo-de-investigacion-bernia/">Grupo de investigación Bernia</a></h4>
</div><div class="clear"></div>
<hr />
<h3>Altea</h3>
<p style="text-align: justify;">A principios del siglo XX pintores valencianos como Genaro Lahuerta, Joaquin Mompó, Genaro Palau ya plasmaban el peculiar paisaje alteano, que tampoco dejó indiferentes escritores y viajeros desde el siglo XVIII. Desde entonces muchos artistas han elegido Altea como su residencia, dotándola de cierta aura bohemia, sobretodo durante los años setenta, cuando Benjamin Paléncia, Eberhard Schlotter, Toni Miró y muchos otros anteriormente, dejaran su huella en el pueblo decorando interior y exterior de casas y restaurantes, pintando frescos en la calle o realizando los carteles de fiestas locales. Esta herencia se mantiene en la gran cantidad de galerías, estudios y ateliers, espacios expositivos, la muestra de artesanía, fundaciones, museos, así como el Palau y la Facultad de Bellas Artes de la Universidad Miguel Hernández. Para muchos no es solo cuestión del paisaje o el entorno tan característico que crea el pueblo y la bahía, sino una especial luz, la luz de Altea.</p>
<p style="text-align: right;"><em>Fuente: web del ayuntamiento de Altea <a href="http://www.altea.es">www.altea.es</a></em></p>
<p><img loading="lazy" class="alignright wp-image-4633 size-full" src="http://campusaltea.umh.es/files/2016/07/Altea-Mar-ok-e1484226015369.jpg" alt="" width="1920" height="446" /></p>

<p>  Grupos de Investigación La investigación del Departamento de Arte se estructura en torno a cuatro grupos de investigación: Altea A principios del siglo XX pintores valencianos como Genaro Lahuerta, Joaquin Mompó, Genaro Palau ya plasmaban el peculiar paisaje alteano, que tampoco dejó indiferentes escritores y viajeros desde el siglo XVIII. Desde entonces muchos artistas han [&hellip;]</p>
